- 19) + 24) - -37?
38
What is the value of 14 + 39 + -22 - 56?
-25
What is 31 + -17 + (-27 - 1)?
-14
Evaluate 1 + -11 + 14 - 15.
-11
Evaluate -8 + 10 - (-1 + -10) - (0 + 3).
10
Evaluate -7 + -5 + 15 + -3 + 3 - 1.
2
What is (-1 - ((-4 - -6) + 5 + -4)) + -6?
-10
Evaluate -12 - (31 - ((-20 - -22) + 3)).
-38
23 - (14 - 5) - (2 - -3)
9
What is -1 + -15 + (19 - (27 - 61))?
37
What is the value of -1 - -14 - (79 - 72)?
6
What is (1 - 14 - -14) + 0 + (4 - 1)?
4
What is the value of 13 + -5 + -13 + 4 + 12?
11
What is 5 + (-1 - 1) - (13 + 9 + -25)?
6
What is the value of -8 + (4 - 12) + 8 - (8 + 8)?
-24
What is (-5 - 1) + 2 - ((-4 - -16) + -2)?
-14
What is -2 - 1 - (-21 + 9 + 14)?
-5
13 + (0 - 3) + -4 + -4 + 10
12
Calculate (13 - -5) + -27 - -10.
1
What is the value of 19 + -11 + (3 - (0 + 0)) + 1?
12
What is (4 - 22) + 31 + -3?
10
What is -17 - (2 + 9 - (75 - 76))?
-29
Calculate -24 + 0 - (23 + -46).
-1
What is (-1 - -11) + 5 + 3 + -18 + -12?
-12
What is (37 - 25) + (14 - 0)?
26
What is the value of -48 + 39 + (30 - 59)?
-38
772 - 787 - (-13 - 0)
-2
3 + -10 + -5 + (-9 - (-5 + -1))
-15
Calculate 96 + -56 + (-58 - 2).
-20
Calculate 301 - 299 - (1 + 1 - 2 - 3).
5
Calculate -15 - (-10 + 7 + -9 + 4).
-7
Evaluate -14 - ((25 - 69) + 16).
14
Evaluate 0 - (-16 + 7 + -1 + -1).
11
12 - (3 + 27) - -23
5
What is the value of 52 + -40 + 4 + -32?
-16
(-158 - -144) + (-2 - 1 - 2)
-19
(16 - 4 - -4) + -6 - (2 - 1)
9
What is (-7 - -19) + (5 - -1) + 3?
21
Evaluate (20 - 14) + -4 + 9.
11
What is 15 - (-13 + 9) - 14?
5
(-68 + 28 - (-18 + 0)) + 3
-19
What is -1 - (-1 + (-4 - 6))?
10
Evaluate (7 - 27) + -7 - (-10 + -1).
-16
Evaluate (2 - -3) + -15 - (-83 + 79).
-6
Calculate -50 - -34 - (-17 - -15).
-14
What is the value of (5 - (-2 + 0)) + -1584 + 1544?
-33
Evaluate 1 + -2 + 4 + -6 - (12 + -11).
-4
What is 1 + 5 + -10 + -24?
-28
Evaluate -7 - -1 - (-25 + -28 - -44).
3
What is 6 + (-2 + 7 - (0 - -1) - -4)?
14
What is the value of -30 + -23 + 33 + -13?
-33
What is the value of 32 + -30 + (1 - -11)?
14
Evaluate (1 - -8) + -15 + (-32 - -47).
9
What is (-11 + 30 - 11) + -16 + 10 - 0?
2
Calculate 38 + (-14 - -25) + -53.
-4
Calculate -7 - (-1 - 37 - (103 + -112)).
22
What is (20 - 51 - -19) + 0 + -1 + 2?
-11
What is -18 - (-33 - (0 + -5))?
10
What is -5 - (-4 - (-11 + (7 + -13 - -8)))?
-10
Evaluate (1 - -19) + -18 + -4 + 3.
1
What is the value of 14 + (-11 - -6 - 9)?
0
What is (-5 - 6) + 5 - (33 + -42)?
3
What is -2 - (4 - 3) - (-10 - -3 - -4)?
0
What is the value of 3 + (6 - (0 + 9 + (-6 - 2)))?
8
What is -5 - (14 - (8 + (7 - 8)))?
-12
What is (3 - (2 + 1)) + 15 + -8?
7
What is -3 + (-8 - (-6 + 3)) - (2 - 2)?
-8
Calculate 3 + (-1 + -1 - ((31 - 18) + 10)).
-22
Calculate (14 - 18) + (-13 - -10) + -11.
-18
Calculate (-5 + 4 - (5 - 1)) + (45 - 59).
-19
What is the value of -21 + 2 + (1 - 14) + 1085 + -1082?
-29
What is the value of -35 + 8 + (42 - 5)?
10
What is the value of -13 - -1 - (-909 - -902)?
-5
Evaluate 15 - (20 + -13 - -8 - -8).
-8
Calculate 3 - -17 - (0 + (14 - 17)).
23
Calculate -6 + 0 + (-3 - -1) + -14 + 8.
-14
Calculate -9 + 0 - (-22 - -16 - (-2 + 4)).
-1
Calculate 5 + (-14 - -7) - (2 + -4).
0
What is 10 - (-8 + 16 + -13 - 2)?
17
What is 23 + (2 - 3) - (-45 + 61 + -9)?
15
Calculate 18 + -21 - (-8 - (6 - 3)).
8
Evaluate (-16 - 0) + (30 - 19) - (0 + -6).
1
0 + 2 + 0 - ((-3 - -12) + -5)
-2
What is 0 - (2 + 0 - (-38 + 44))?
4
Evaluate 0 + -3 + 7 + 2 + 19 + -23.
2
What is (1 - 17) + (-250 - -261)?
-5
Calculate -7 - (-2 + 1 + -7 + 12 - 4).
-7
Calculate -9 - (10 - 9 - -1).
-11
Evaluate 7 - ((17 - 8) + -15 - 0) - 9.
4
2 + 0 + 0 + (-11 - (2 + -6))
-5
What is the value of -5 + (2 - 4) + (0 - -2) + 8?
3
Evaluate 6 - (14 - 1 - (16 + -25)).
-16
Evaluate (6 + -10 - 22) + 16.
-10
Evaluate -27 - -2 - 2 - (23 - 39).
-11
Evaluate 10 + (-6 + -6 - -4) + 12.
14
What is 91 + -72 - (-7 - -9)?
17
What is -15 - (-7 - -7) - -3?
-12
Calculate 9 - (16 + (33 - 35)).
-5
Calculate (1 - 1) + -8 + -90 + 136 - 7.
31
Evaluate (-3 - -7) + -3 + -7 + 7.
1
Calculate 4 + (-1 - 18) + 21.
6
Calculate 11 + -12 - (3 - (-4 + (5 - 4))).
-7
5 - (3 + (17 - 14))
-1
Evaluate -10 - (9 - (21 + 23)).
25
Calculate (5 - (-11 - -24)) + 23.
15
Calculate -199 + 190 - (0 + -4).
-5
Evaluate 1 + -1 + -13 - (-505 + 500).
-8
What is the value of -18 - ((-37 - -50) + -41)?
10
Evaluate (-23 + -22 - -113) + -32.
36
What is 16 - (45 + -31) - (4 - 0 - 0)?
-2
Evaluate (8 - (51 - 28)) + 17.
2
5 + 1 - (11 + 9 + -7 + -3)
-4
What is (-2 - -5) + 12 + -17 + 11?
9
Calculate (-18 - -22) + (2 - 24).
-18
Calculate 15 + 4 + -32 - -20.
7
-1 - -11 - (3 + (-2 - 0))
9
Calculate 2575 + -2586 + (0 + 0 - -1).
-10
Evaluate (-19 - 3) + -2 - (9 - (37 - 30)).
-26
Calculate (-5 + (-10 - -5) - -17) + (3 - 16).
-6
Calculate 12 + (-3 - (-6 + 11)) + 3.
7
23 + (-23 - (-36 + 9))
27
1 - 2 - 4 - (-77 - 16 - -119)
-31
Evaluate 35 + (19 - 30) + -20.
4
Calculate -5 - ((5 - 4 - 2) + -2).
-2
-3 + 3 + (18 - (1 - 0))
17
Calculate 7 + (14 + -26 - 2).
-7
Calculate -6 - -43 - (-5 + 39 + -14).
17
What is 10 - (21 - -5 - 28)?
12
-18 - -8 - -5 - (-11 - -3)
3
What is 15 + -35 + 18 + -8?
-10
What is the value of 3 + -1 - (-16 + 9 - (-2 + -20))?
-13
Evaluate 7 + (-16 - -30) + -17.
4
Evaluate (-74 - -82) + (-4 - 2).
2
What is (-15 - 5) + -3 - -2 - (-5 - -7)?
-23
Evaluate 1 + 14 + -44 + 107 + -65.
13
What is (190 - 177) + -16 + -1 - 11?
-15
(1 - 2) + 4 + (-87 - -92)
8
What is the value of 20 - ((-8 - -53) + 5 - 4)?
-26
(-5 - 16 - (-2 + -1)) + 7
-11
What is (-8 - (-9 + 1) - 15) + 13?
-2
43 - 18 - 10 - 23
-8
What is -24 - -1 - (-246 + 231)?
-8
What is 8 - (1 + -10 + 29)?
-12
Calculate -38 - -35 - (-16 + 6).
7
What is the value of (-4 - (-13 + 16)) + 5?
-2
What is the value of 0 - ((-39 - -44) + -12 + 1)?
6
-8 + -4 + (-1 - -12 - 18)
-19
6 - (-10 + (-6 + 0 - (101 + -111)))
12
What is 30 + (-3 - (8 - -1)) - (-1 - -1)?
18
What is -15 - (-10 - -6 - (0 - -2))?
-9
Calculate (12 - -5) + -9 + -9 + (13 - 0).
12
What is the value of 1 - (-11 - -3 - 18 - (3 + -8))?
22
Evaluate (1 - 54 - -41) + -12 + 1.
-23
Evaluate 5 + 1 + -9 + -33 + 40.
4
What is the value of -8 - (8 + (-16 - -10))?
-10
Calculate -6 + (-1 + (-3 - (7 - 2)) - 5).
-20
What is the value of (0 + 10 + (-2 - 1) - 4) + -14?
-11
Calculate 4 + 27 + (6 - 13) - (1 - -5).
18
What is the value of 12 - (5 + -12 + 5 + 5)?
9
-10 + 8 + -2 + 5
1
Evaluate 3 - 1 - (443 - 428).
-13
Calculate -5 + -10 + (-5 - -1) - -13.
-6
49 + -145 + 67 + (2 + -4 - -7)
-24
What is 1 - ((5 + -5 - -6) + -11)?
6
What is (0 - 5) + -48 + 72 + -39?
-20
What is the value of 4 + 1 + 0 - (-39 + (-14 - -57))?
1
What is the value of -9 - -8 - (2 - 5) - -3?
5
Evaluate (2977 - 2953) + (1 - -7).
32
Evaluate (-22 - (-11 - 28)) + -2 + -7.
8
What is 17 + (3 - (22 - 3))?
1
What is (0 - -10) + (266 - 297)?
-21
Evaluate (49 - 113 - -80) + 0 + -44.
-28
0 + -18 + 3 - (-714 + 723)
-24
What is the value of 17 + (-35 - (41 + -58))?
-1
Calculate -24 + 1 + (1901 - 1879).
-1
Calculate (16 - 24) + -7 + 7.
-8
What is the value of (-1 - -12 - (-5 - 14 - -24)) + 4?
10
218 + -198 + -14 + -1
5
What is 23 - (20 + -17 - -37)?
-17
Evaluate -1 - -5 - (-3 + (6 + 1 - 5)).
5
What is -13 - (15 - 40) - -4?
16
Evaluate -30 - -13 - -2 - -13.
-2
Evaluate (-5 - (-13 - -3)) + -6 + -2 + -15.
-18
(-29 + 40 - 19) + -1 + -16 + -4
-29
What is the value of -6 - (9 + -3 - (-2 - (-1 + -3)))?
-10
Evaluate 10 + 5 - (-13 + 34).
-6
Calculate 8 + 0 + 1 + 56 + -66.
-1
What is -1 + 52 - (-58 - (-56 - 13))?
40
-12 + 10 + (-9 + 9 - 8)
-10
What is -5 + 3 - -5 - (1 + -22 + 26)?
-2
What is (-3 - -17) + 237 + -245?
6
Calculate 7 - (70 + -70 - (-1 - -1)).
7
(33 - (52 + -26)) + 3
10
Evaluate 0 - 20 - (1 - (13 + -3)).
-11
-8 - -3 - (17 + -12) - -9
-1
What is the value of 28 - (14 - (-3 - 0))?
11
What is the value of (-41 - -45) + -13 + -32?
-41
What is the value of -11 - (7 + -16 + 6 + -7) - -23?
22
Calculate -21 + 23 - (6 - (-1 - -2)).
-3
What is the value of -9 - ((3 - 16) + (8 - 3))?
-1
Calculate -15 + (14 + -15 - 6) + 2.
-20
Evaluate 3 - ((11 - 3) + (10 - 12)) - -25.
22
1 - (4 - (12 + -3)) - -6
12
What is -7 + 0 + -28 + -12 + 40 - 5?
-12
What is (4 - (0 + 11)) + 12 + -13?
-8
Calculate -3 + (-1 - 1 - (-15 - -7)).
3
What is 14 + (-34 - -13) + (0 - 3) + -8?
-18
What is (-3 - 4) + 3 + 4 - (1 - 0)?
-1
3 + -14 - (-70 + 64) - (0 - 24)
19
Wh